{"id":91,"date":"2022-09-19T09:31:13","date_gmt":"2022-09-19T09:31:13","guid":{"rendered":"http:\/\/innovationsflughafen.de\/?page_id=91"},"modified":"2023-02-09T10:11:08","modified_gmt":"2023-02-09T10:11:08","slug":"presse-2","status":"publish","type":"page","link":"https:\/\/innovationsflughafen.de\/en\/presse-2\/","title":{"rendered":"Press"},"content":{"rendered":"<div class=\"wp-block-group alignfull is-layout-flow wp-block-group-is-layout-flow\" id=\"Kopfbild\" style=\"margin-bottom:var(--wp--preset--spacing--50)\">\n<div class=\"wp-block-cover is-light has-custom-content-position is-position-bottom-left linksbuendig\" style=\"min-height:566px;aspect-ratio:unset;\"><span aria-hidden=\"true\" class=\"wp-block-cover__background has-background-dim-0 has-background-dim\"><\/span><img loading=\"lazy\" decoding=\"async\" width=\"2560\" height=\"799\" class=\"wp-block-cover__image-background wp-image-1329\" alt=\"\" src=\"https:\/\/innovationsflughafen.de\/wp-content\/uploads\/2023\/02\/145_Vorfeld_Sonnenuntergang-Arcus-Air.jpg\" data-object-fit=\"cover\" srcset=\"https:\/\/innovationsflughafen.de\/wp-content\/uploads\/2023\/02\/145_Vorfeld_Sonnenuntergang-Arcus-Air.jpg 2560w, https:\/\/innovationsflughafen.de\/wp-content\/uploads\/2023\/02\/145_Vorfeld_Sonnenuntergang-Arcus-Air-300x94.jpg 300w, https:\/\/innovationsflughafen.de\/wp-content\/uploads\/2023\/02\/145_Vorfeld_Sonnenuntergang-Arcus-Air-1024x320.jpg 1024w, https:\/\/innovationsflughafen.de\/wp-content\/uploads\/2023\/02\/145_Vorfeld_Sonnenuntergang-Arcus-Air-768x240.jpg 768w, https:\/\/innovationsflughafen.de\/wp-content\/uploads\/2023\/02\/145_Vorfeld_Sonnenuntergang-Arcus-Air-1536x479.jpg 1536w, https:\/\/innovationsflughafen.de\/wp-content\/uploads\/2023\/02\/145_Vorfeld_Sonnenuntergang-Arcus-Air-2048x639.jpg 2048w\" sizes=\"auto, (max-width: 2560px) 100vw, 2560px\" \/><div class=\"wp-block-cover__inner-container is-layout-flow wp-block-cover-is-layout-flow\">\n<div class=\"wp-block-group is-layout-constrained wp-container-core-group-is-layout-31e4b1cd wp-block-group-is-layout-constrained\" style=\"padding-top:30px;padding-bottom:30px\">\n<div class=\"wp-block-group is-content-justification-space-between is-nowrap is-layout-flex wp-container-core-group-is-layout-cb46ffcb wp-block-group-is-layout-flex\">\n<div class=\"wp-block-group is-layout-flow wp-block-group-is-layout-flow\">\n<h1 class=\"animated slideInLeft has-background-color has-text-color wp-block-heading\" style=\"font-size:clamp(2.2rem, 2.2rem + ((1vw - 0.2rem) * 2.25), 4rem);line-height:1.3;text-transform:uppercase\">Press<\/h1>\n<\/div>\n<\/div>\n<\/div>\n<\/div><\/div>\n<\/div>\n\n\n\n<div class=\"wp-block-group alignwide is-layout-constrained wp-block-group-is-layout-constrained\" style=\"padding-top:var(--wp--preset--spacing--50);padding-bottom:var(--wp--preset--spacing--50)\">\n<div class=\"wp-block-columns alignwide is-layout-flex wp-container-core-columns-is-layout-28f84493 wp-block-columns-is-layout-flex\">\n<div class=\"wp-block-column is-layout-flow wp-block-column-is-layout-flow\" style=\"flex-basis:70%\">\n<div class=\"wp-block-group is-layout-constrained wp-container-core-group-is-layout-346627ba wp-block-group-is-layout-constrained\">\n<h2 class=\"wp-block-heading\">We warmly welcome all media representatives<br>to Innovation Airport PAD!<\/h2>\n\n\n\n<p>Press releases and press events allow us to provide regular updates on Innovation Airport PAD. We would be happy to add you to our press mailing list.<br>Please contact us if you would like to receive specific information and implement exclusive reporting.<\/p>\n<\/div>\n<\/div>\n\n\n\n<div class=\"wp-block-column is-layout-flow wp-block-column-is-layout-flow\" style=\"flex-basis:50%\"><\/div>\n<\/div>\n<\/div>\n\n\n\n<div class=\"wp-block-group alignfull has-background is-layout-constrained wp-container-core-group-is-layout-9ef04d24 wp-block-group-is-layout-constrained\" id=\"Ansprechpartner\" style=\"background-color:#efefef;margin-top:0;margin-bottom:0;padding-top:var(--wp--preset--spacing--40);padding-right:var(--wp--preset--spacing--30);padding-bottom:var(--wp--preset--spacing--50);padding-left:var(--wp--preset--spacing--30)\">\n<div class=\"wp-block-group alignwide is-layout-constrained wp-block-group-is-layout-constrained\">\n<hr class=\"wp-block-separator has-alpha-channel-opacity is-style-gutwerker-separator-vertical\"\/>\n\n\n\n<h2 class=\"has-text-align-center wp-block-heading\" style=\"margin-bottom:60px;text-transform:uppercase\">CONTACT PERSONS<\/h2>\n\n\n\n<div class=\"wp-block-group alignwide is-layout-flex wp-container-core-group-is-layout-d413e946 wp-block-group-is-layout-flex\">\n<div class=\"wp-block-group is-content-justification-left is-layout-constrained wp-container-core-group-is-layout-f191833b wp-block-group-is-layout-constrained\">\n<figure class=\"wp-block-image size-large is-resized\"><img decoding=\"async\" src=\"https:\/\/innovationsflughafen.de\/wp-content\/uploads\/2022\/12\/Matthias_Hack-1024x587.jpg\" alt=\"\" class=\"wp-image-885\" width=\"785\" srcset=\"https:\/\/innovationsflughafen.de\/wp-content\/uploads\/2022\/12\/Matthias_Hack-1024x587.jpg 1024w, https:\/\/innovationsflughafen.de\/wp-content\/uploads\/2022\/12\/Matthias_Hack-300x172.jpg 300w, https:\/\/innovationsflughafen.de\/wp-content\/uploads\/2022\/12\/Matthias_Hack-768x440.jpg 768w, https:\/\/innovationsflughafen.de\/wp-content\/uploads\/2022\/12\/Matthias_Hack-1536x881.jpg 1536w, https:\/\/innovationsflughafen.de\/wp-content\/uploads\/2022\/12\/Matthias_Hack.jpg 1570w\" sizes=\"(max-width: 1024px) 100vw, 1024px\" \/><\/figure>\n<\/div>\n\n\n\n<div class=\"wp-block-group is-layout-constrained wp-container-core-group-is-layout-346627ba wp-block-group-is-layout-constrained\">\n<div class=\"wp-block-group is-layout-constrained wp-container-core-group-is-layout-19e250f3 wp-block-group-is-layout-constrained\">\n<p class=\"has-large-font-size\" style=\"text-transform:uppercase\"><strong>Matthias Hack<\/strong><\/p>\n\n\n\n<p class=\"has-medium-font-size\">Head of Communications \/ Spokesperson<\/p>\n<\/div>\n\n\n\n<p><a href=\"tel:0049295577269\"><i class=\"icon fa fa-phone\" aria-hidden=\"true\"> <\/i>+49 2955 77 269<\/a><br><a href=\"mailto:presse@airport-pad.com\">presse@airport-pad.com<\/a><\/p>\n<\/div>\n<\/div>\n<\/div>\n<\/div>","protected":false},"excerpt":{"rendered":"<p>Wir hei\u00dfen alle Medienvertreterherzlich willkommen am Innovationsflughafen PAD! Mit Pressemitteilungen und bei Presseterminen informieren wir regelm\u00e4\u00dfig \u00fcber Neuigkeiten zum Innovationsflughafen PAD. Gern nehmen wir Sie in unseren Presseverteiler auf.Nehmen Sie mit uns Kontakt auf, wenn Sie gezielte Informationen w\u00fcnschen und eine exklusive Berichterstattung umsetzen m\u00f6chten. ANSPRECHPARTNER Matthias Hack Leiter Kommunikation \/ Pressesprecher +49 2955 77&hellip;<\/p>","protected":false},"author":1,"featured_media":0,"parent":0,"menu_order":2,"comment_status":"closed","ping_status":"closed","template":"","meta":{"_acf_changed":false,"_gspb_post_css":"","_uag_custom_page_level_css":"","footnotes":""},"class_list":["post-91","page","type-page","status-publish","hentry"],"acf":[],"featured_image_src":"","featured_image_src_square":false,"rbea_author_info":{"display_name":"admin","author_link":"https:\/\/innovationsflughafen.de\/en\/author\/silbergold\/"},"rbea_excerpt_info":"Wir hei\u00dfen alle Medienvertreterherzlich willkommen am Innovationsflughafen PAD! Mit Pressemitteilungen und bei Presseterminen informieren wir regelm\u00e4\u00dfig \u00fcber Neuigkeiten zum Innovationsflughafen PAD. Gern nehmen wir Sie in unseren Presseverteiler auf.Nehmen Sie mit uns Kontakt auf, wenn Sie gezielte Informationen w\u00fcnschen und eine exklusive Berichterstattung umsetzen m\u00f6chten. ANSPRECHPARTNER Matthias Hack Leiter Kommunikation \/ Pressesprecher +49 2955 77&hellip;","uagb_featured_image_src":{"full":false,"thumbnail":false,"medium":false,"medium_large":false,"large":false,"1536x1536":false,"2048x2048":false,"trp-custom-language-flag":false},"uagb_author_info":{"display_name":"admin","author_link":"https:\/\/innovationsflughafen.de\/en\/author\/silbergold\/"},"uagb_comment_info":0,"uagb_excerpt":"Wir hei\u00dfen alle Medienvertreterherzlich willkommen am Innovationsflughafen PAD! Mit Pressemitteilungen und bei Presseterminen informieren wir regelm\u00e4\u00dfig \u00fcber Neuigkeiten zum Innovationsflughafen PAD. Gern nehmen wir Sie in unseren Presseverteiler auf.Nehmen Sie mit uns Kontakt auf, wenn Sie gezielte Informationen w\u00fcnschen und eine exklusive Berichterstattung umsetzen m\u00f6chten. ANSPRECHPARTNER Matthias Hack Leiter Kommunikation \/ Pressesprecher +49 2955 77&hellip;","_links":{"self":[{"href":"https:\/\/innovationsflughafen.de\/en\/wp-json\/wp\/v2\/pages\/91","targetHints":{"allow":["GET"]}}],"collection":[{"href":"https:\/\/innovationsflughafen.de\/en\/wp-json\/wp\/v2\/pages"}],"about":[{"href":"https:\/\/innovationsflughafen.de\/en\/wp-json\/wp\/v2\/types\/page"}],"author":[{"embeddable":true,"href":"https:\/\/innovationsflughafen.de\/en\/wp-json\/wp\/v2\/users\/1"}],"replies":[{"embeddable":true,"href":"https:\/\/innovationsflughafen.de\/en\/wp-json\/wp\/v2\/comments?post=91"}],"version-history":[{"count":22,"href":"https:\/\/innovationsflughafen.de\/en\/wp-json\/wp\/v2\/pages\/91\/revisions"}],"predecessor-version":[{"id":1330,"href":"https:\/\/innovationsflughafen.de\/en\/wp-json\/wp\/v2\/pages\/91\/revisions\/1330"}],"wp:attachment":[{"href":"https:\/\/innovationsflughafen.de\/en\/wp-json\/wp\/v2\/media?parent=91"}],"curies":[{"name":"wp","href":"https:\/\/api.w.org\/{rel}","templated":true}]}}

<p>Wir heißen alle Medienvertreterherzlich willkommen am Innovationsflughafen PAD! Mit Pressemitteilungen und bei Presseterminen informieren wir regelmäßig über Neuigkeiten zum Innovationsflughafen PAD. Gern nehmen wir Sie in unseren Presseverteiler auf.Nehmen Sie mit uns Kontakt auf, wenn Sie gezielte Informationen wünschen und eine exklusive Berichterstattung umsetzen möchten. ANSPRECHPARTNER Matthias Hack Leiter Kommunikation / Pressesprecher +49 2955 77&hellip;</p>

Wir heißen alle Medienvertreterherzlich willkommen am Innovationsflughafen PAD! Mit Pressemitteilungen und bei Presseterminen informieren wir regelmäßig über Neuigkeiten zum Innovationsflughafen PAD. Gern nehmen wir Sie in unseren Presseverteiler auf.Nehmen Sie mit uns Kontakt auf, wenn Sie gezielte Informationen wünschen und eine exklusive Berichterstattung umsetzen möchten. ANSPRECHPARTNER Matthias Hack Leiter Kommunikation / Pressesprecher +49 2955 77&hellip;
